234556 is divided by 1682303.
11
What is the remainder when 152697 is divided by 38172?
9
What is the remainder when 224715858 is divided by 9?
6
What is the remainder when 1581001 is divided by 1547?
1514
What is the remainder when 2596330 is divided by 35?
30
Calculate the remainder when 90366 is divided by 10622.
5390
Calculate the remainder when 12635 is divided by 8540.
4095
Calculate the remainder when 9434 is divided by 939.
44
Calculate the remainder when 1090658 is divided by 23.
21
What is the remainder when 4161021 is divided by 21?
18
What is the remainder when 20641946 is divided by 183?
95
Calculate the remainder when 11750243 is divided by 144.
131
Calculate the remainder when 18755666 is divided by 385.
6
What is the remainder when 592773 is divided by 182?
181
What is the remainder when 326376 is divided by 163186?
4
What is the remainder when 8884582 is divided by 534?
424
Calculate the remainder when 14632199 is divided by 29.
17
What is the remainder when 593803 is divided by 180?
163
What is the remainder when 947650 is divided by 22038?
16
What is the remainder when 13298 is divided by 9259?
4039
What is the remainder when 103328 is divided by 4562?
2964
Calculate the remainder when 1350598 is divided by 262.
250
What is the remainder when 32420894 is divided by 65?
64
What is the remainder when 5019488 is divided by 14?
12
What is the remainder when 217488 is divided by 980?
908
What is the remainder when 4147893 is divided by 417?
411
Calculate the remainder when 35226809 is divided by 1957042.
53
Calculate the remainder when 924 is divided by 44.
0
Calculate the remainder when 34182197 is divided by 11394056.
29
Calculate the remainder when 1578517 is divided by 69.
4
Calculate the remainder when 418424 is divided by 209177.
70
Calculate the remainder when 2748617 is divided by 1354.
1351
What is the remainder when 615132 is divided by 76826?
524
What is the remainder when 103783 is divided by 260?
43
Calculate the remainder when 943736 is divided by 3232.
3224
What is the remainder when 2276245 is divided by 10941?
517
What is the remainder when 50612 is divided by 6961?
1885
Calculate the remainder when 6481505 is divided by 22.
19
Calculate the remainder when 38761 is divided by 37575.
1186
What is the remainder when 185058069 is divided by 22?
9
Calculate the remainder when 14530108 is divided by 12602.
2
What is the remainder when 5664 is divided by 4435?
1229
What is the remainder when 124450 is divided by 2898?
2734
What is the remainder when 2395086 is divided by 197?
157
What is the remainder when 7012573 is divided by 637505?
18
What is the remainder when 3291844 is divided by 1097250?
94
What is the remainder when 55500769 is divided by 3661?
9
Calculate the remainder when 1070628928 is divided by 2205.
2203
What is the remainder when 33534323 is divided by 2349?
2348
Calculate the remainder when 135404161 is divided by 318598.
11
Calculate the remainder when 1292140 is divided by 761.
723
Calculate the remainder when 4478405 is divided by 212.
117
What is the remainder when 697837 is divided by 231?
217
Calculate the remainder when 2151672 is divided by 165483.
393
Calculate the remainder when 2932219 is divided by 1909.
1904
Calculate the remainder when 21162052 is divided by 881750.
52
Calculate the remainder when 17225153 is divided by 24.
17
What is the remainder when 368746 is divided by 1138?
34
What is the remainder when 1799242 is divided by 943?
941
What is the remainder when 2090981 is divided by 799?
797
Calculate the remainder when 65385 is divided by 16014.
1329
Calculate the remainder when 80520285 is divided by 12.
9
Calculate the remainder when 5608258 is divided by 4839.
4696
What is the remainder when 11613510 is divided by 8609?
8578
Calculate the remainder when 623593522 is divided by 6025.
6022
What is the remainder when 54231853 is divided by 1132?
1129
Calculate the remainder when 317517 is divided by 63481.
112
What is the remainder when 72658 is divided by 72572?
86
Calculate the remainder when 49290 is divided by 638.
164
Calculate the remainder when 1339535 is divided by 669722.
91
What is the remainder when 8750020 is divided by 1283?
1243
What is the remainder when 9407998 is divided by 750?
748
Calculate the remainder when 225335 is divided by 185.
5
What is the remainder when 574849 is divided by 114929?
204
What is the remainder when 473108 is divided by 118263?
56
What is the remainder when 1278372 is divided by 4393?
9
What is the remainder when 100040 is divided by 50010?
20
Calculate the remainder when 898785 is divided by 58.
17
Calculate the remainder when 9580566 is divided by 172.
166
Calculate the remainder when 56492 is divided by 17847.
2951
Calculate the remainder when 16837369 is divided by 23.
12
Calculate the remainder when 2938054 is divided by 1091.
1082
What is the remainder when 6778212 is divided by 4543?
56
Calculate the remainder when 35100 is divided by 11680.
60
What is the remainder when 54620 is divided by 4796?
1864
What is the remainder when 1294926 is divided by 20884?
118
What is the remainder when 4576809 is divided by 5442?
87
What is the remainder when 129221 is divided by 10767?
17
What is the remainder when 55046375 is divided by 42871?
11
Calculate the remainder when 112890 is divided by 2210.
180
Calculate the remainder when 1571077 is divided by 1078.
431
Calculate the remainder when 19565332 is divided by 113.
60
What is the remainder when 3878890 is divided by 2015?
15
Calculate the remainder when 79343 is divided by 1058.
1051
Calculate the remainder when 3342466 is divided by 3092.
14
Calculate the remainder when 189188 is divided by 188900.
288
Calculate the remainder when 33595459 is divided by 84.
79
Calculate the remainder when 239174 is divided by 264.
254
Calculate the remainder when 55196 is divided by 702.
440
Calculate the remainder when 179881 is divided by 2888.
825
What is the remainder when 77302931 is divided by 157761?
41
What is the remainder when 1211732 is divided by 403857?
161
Calculate the remainder when 146199 is divided by 2351.
437
Calculate the remainder when 333411044 is divided by 18.
14
Calculate the remainder when 16712 is divided by 2751.
206
Calculate the remainder when 58503 is divided by 58343.
160
Calculate the remainder when 178782 is divided by 908.
814
Calculate the remainder when 921986 is divided by 12.
2
Calculate the remainder when 33366 is divided by 4593.
1215
What is the remainder when 11778423 is divided by 1286?
1235
What is the remainder when 66603 is divided by 22197?
12
What is the remainder when 33822794 is divided by 4982?
4978
Calculate the remainder when 39140 is divided by 5504.
612
Calculate the remainder when 74298 is divided by 4601.
682
Calculate the remainder when 416219523 is divided by 8.
3
What is the remainder when 441789 is divided by 199?
9
What is the remainder when 1754591 is divided by 1001?
839
Calculate the remainder when 36433600 is divided by 6072265.
10
Calculate the remainder when 4053250 is divided by 4053232.
18
What is the remainder when 2119477 is divided by 423895?
2
What is the remainder when 113251321 is divided by 449410?
1
Calculate the remainder when 970303535 is divided by 216.
215
Calculate the remainder when 9498206 is divided by 787.
690
Calculate the remainder when 100781871 is divided by 9.
6
Calculate the remainder when 4401547 is divided by 59.
29
Calculate the remainder when 5828473 is divided by 3878.
3717
Calculate the remainder when 2893017 is divided by 5521.
13
What is the remainder when 852678 is divided by 1245?
1098
Calculate the remainder when 562893 is divided by 4200.
93
Calculate the remainder when 160663 is divided by 128.
23
What is the remainder when 1130141 is divided by 1176?
5
What is the remainder when 942197 is divided by 942156?
41
What is the remainder when 208180216 is divided by 8878?
8872
What is the remainder when 13961823 is divided by 1309?
29
What is the remainder when 830463 is divided by 1361?
253
Calculate the remainder when 102327 is divided by 8505.
267
Calculate the remainder when 24379 is divided by 11156.
2067
Calculate the remainder when 655150 is divided by 2965.
2850
Calculate the remainder when 700